Convert -431 (base 5) to base 12.
-98
-4b (base 14) to base 4
-1003
100 (base 4) to base 3
121
Convert -310 (base 5) to base 15.
-55
112 (base 5) to base 7
44
Convert -3 (base 4) to base 12.
-3
What is -10 (base 4) in base 8?
-4
What is -22 (base 3) in base 7?
-11
What is 5 (base 16) in base 4?
11
-1203 (base 6) to base 5
-2131
What is 12 (base 3) in base 12?
5
-31 (base 9) to base 6
-44
-20 (base 10) to base 2
-10100
What is 3d (base 15) in base 14?
42
What is -49 (base 13) in base 11?
-56
Convert 11 (base 12) to base 2.
1101
What is 2 (base 13) in base 16?
2
Convert 2 (base 13) to base 10.
2
Convert 10c (base 14) to base 12.
154
-39 (base 10) to base 7
-54
-6 (base 11) to base 15
-6
Convert 10 (base 7) to base 14.
7
What is -100 (base 3) in base 16?
-9
-122 (base 5) to base 9
-41
Convert 124 (base 8) to base 6.
220
Convert -1c (base 14) to base 13.
-20
Convert -35 (base 15) to base 12.
-42
-7 (base 11) to base 9
-7
Convert -e8 (base 15) to base 8.
-332
Convert -2332 (base 4) to base 11.
-163
Convert -b (base 14) to base 16.
-b
What is 9 (base 14) in base 8?
11
10 (base 8) to base 12
8
What is -4 (base 7) in base 10?
-4
Convert -11 (base 14) to base 15.
-10
Convert -230 (base 4) to base 3.
-1122
-1 (base 8) to base 14
-1
-217 (base 8) to base 2
-10001111
What is -22010 (base 3) in base 14?
-119
-4 (base 6) to base 3
-11
What is -1 (base 10) in base 16?
-1
Convert 412 (base 7) to base 5.
1310
e (base 15) to base 12
12
What is 9 (base 10) in base 9?
10
-1020 (base 3) to base 7
-45
2 (base 13) to base 9
2
Convert -10 (base 10) to base 3.
-101
What is -1000 (base 2) in base 10?
-8
1a3 (base 12) to base 7
531
What is -10 (base 3) in base 16?
-3
What is -4 (base 13) in base 3?
-11
What is 103 (base 4) in base 6?
31
Convert 42 (base 5) to base 9.
24
Convert 1 (base 9) to base 12.
1
-16 (base 8) to base 13
-11
Convert 43 (base 9) to base 16.
27
-4 (base 10) to base 8
-4
Convert 1230 (base 4) to base 16.
6c
Convert -28 (base 10) to base 11.
-26
Convert -35 (base 13) to base 7.
-62
-100 (base 6) to base 3
-1100
What is -53 (base 11) in base 5?
-213
15 (base 10) to base 16
f
Convert -44 (base 14) to base 5.
-220
-4 (base 11) to base 10
-4
What is 20 (base 15) in base 6?
50
-110 (base 2) to base 8
-6
What is -1 (base 8) in base 4?
-1
130 (base 4) to base 2
11100
What is 1 (base 15) in base 11?
1
-26 (base 12) to base 5
-110
Convert 20 (base 9) to base 6.
30
Convert 34 (base 8) to base 11.
26
-3 (base 14) to base 16
-3
2 (base 7) to base 6
2
Convert -2 (base 7) to base 14.
-2
What is -1 (base 5) in base 12?
-1
What is -22 (base 8) in base 10?
-18
-3 (base 8) to base 4
-3
What is 15 (base 10) in base 16?
f
What is 9 (base 14) in base 5?
14
What is 142 (base 5) in base 7?
65
-10 (base 5) to base 12
-5
Convert 143 (base 15) to base 2.
100100000
Convert -1 (base 13) to base 7.
-1
Convert 10 (base 2) to base 6.
2
What is -3 (base 13) in base 3?
-10
Convert -1 (base 11) to base 14.
-1
Convert 10 (base 6) to base 16.
6
What is -25 (base 6) in base 3?
-122
-233 (base 7) to base 6
-322
What is 10 (base 4) in base 6?
4
What is -44 (base 10) in base 8?
-54
172 (base 9) to base 6
402
What is 80 (base 16) in base 8?
200
Convert 85 (base 11) to base 4.
1131
-41 (base 8) to base 2
-100001
Convert 0 (base 3) to base 16.
0
What is -1031 (base 6) in base 8?
-353
62 (base 7) to base 12
38
Convert -1 (base 4) to base 9.
-1
3 (base 16) to base 15
3
What is -1 (base 3) in base 6?
-1
What is 36 (base 10) in base 16?
24
Convert -42 (base 6) to base 14.
-1c
Convert 76 (base 8) to base 6.
142
17 (base 16) to base 12
1b
Convert -b (base 16) to base 15.
-b
Convert 137 (base 8) to base 12.
7b
-2424 (base 5) to base 3
-111111
What is 2c (base 15) in base 16?
2a
Convert -20 (base 5) to base 2.
-1010
Convert -11 (base 2) to base 14.
-3
What is 154 (base 8) in base 11?
99
35 (base 13) to base 15
2e
-440 (base 8) to base 10
-288
Convert -12 (base 4) to base 10.
-6
-5d (base 14) to base 3
-10002
What is 40 (base 5) in base 12?
18
Convert 33 (base 11) to base 10.
36
-9 (base 13) to base 3
-100
What is 41 (base 13) in base 11?
49
17 (base 15) to base 6
34
What is -21 (base 3) in base 8?
-7
-2a (base 14) to base 4
-212
What is 156 (base 8) in base 16?
6e
Convert 1101 (base 2) to base 13.
10
Convert 1110101 (base 2) to base 13.
90
Convert -10 (base 16) to base 7.
-22
Convert 3 (base 6) to base 3.
10
What is -b (base 12) in base 2?
-1011
What is -3 (base 15) in base 6?
-3
What is -36 (base 9) in base 8?
-41
Convert -1024 (base 5) to base 16.
-8b
222 (base 3) to base 15
1b
What is 8 (base 10) in base 16?
8
What is 31 (base 14) in base 8?
53
Convert -150 (base 6) to base 16.
-42
What is -12 (base 14) in base 8?
-20
What is 26 (base 12) in base 13?
24
-39 (base 13) to base 15
-33
Convert 6 (base 15) to base 7.
6
Convert 2 (base 10) to base 3.
2
Convert -c9 (base 13) to base 2.
-10100101
9 (base 10) to base 15
9
Convert 204 (base 5) to base 11.
4a
Convert 10 (base 2) to base 6.
2
Convert 213 (base 7) to base 4.
1230
-1041 (base 5) to base 7
-266
Convert -2 (base 14) to base 8.
-2
Convert 1 (base 12) to base 14.
1
Convert 32 (base 4) to base 9.
15
1000 (base 2) to base 3
22
What is 10 (base 4) in base 2?
100
-5 (base 16) to base 15
-5
33 (base 6) to base 12
19
10 (base 8) to base 13
8
Convert 276 (base 13) to base 14.
231
What is -126 (base 8) in base 9?
-105
What is 1 (base 13) in base 8?
1
Convert -34 (base 5) to base 14.
-15
What is 3 (base 14) in base 4?
3
Convert -1 (base 9) to base 10.
-1
What is -1 (base 2) in base 10?
-1
What is -1000 (base 5) in base 15?
-85
What is 2011 (base 4) in base 11?
111
What is 29 (base 14) in base 15?
27
Convert 29 (base 10) to base 3.
1002
What is 1 (base 15) in base 16?
1
Convert 13 (base 11) to base 12.
12
-6 (base 16) to base 12
-6
What is 3c (base 14) in base 10?
54
Convert 0 (base 15) to base 3.
0
1430 (base 5) to base 13
156
Convert -1 (base 10) to base 6.
-1
Convert -26 (base 12) to base 16.
-1e
Convert -4 (base 15) to base 5.
-4
125 (base 6) to base 15
38
What is -2 (base 16) in base 11?
-2
Convert 100 (base 10) to base 6.
244
10 (base 5) to base 7
5
What is -31 (base 16) in base 9?
-54
Convert -6 (base 16) to base 3.
-20
What is 3 (base 10) in base 5?
3
10 (base 3) to base 8
3
What is 3b (base 12) in base 16?
2f
Convert 9 (base 11) to base 9.
10
Convert -1 (base 10) to base 5.
-1
22 (base 7) to base 4
100
Convert 102 (base 8) to base 5.
231
What is 71 (base 11) in base 12?
66
What is 100 (base 2) in base 5?
4
What is 8 (base 11) in base 6?
12
192 (base 10) to base 3
21010
Convert -ee (base 15) to base 4.
-3200
2 (base 6) to base 2
10
What is 4 (base 12) in base 4?
10
What is 11 (base 2) in base 6?
3
Convert -12 (base 10) to base 11.
-11
Convert 31 (base 6) to base 5.
34
Convert -1 (base 10) to base 6.
-1
What is 99 (base 11) in base 12?
90
What is -47 (base 8) in base 2?
-100111
Convert -8 (base 11) to base 12.
-8
Convert 73 (base 9) to base 12.
56
4 (base 6) to base 3
11
What is 3 (base 7) in base 16?
3
Convert 201 (base 3) to base 4.
103
2 (base 6) to base 14
2
What is -6 (base 12) in base 6?
-10
-16 (base 7) to base 10
-13
Convert -4 (base 10) to base 14.
-4
Convert 15 (base 10) to base 9.
16
-402 (base 5) to base 4
-1212
What is 1 (base 12) in base 5?
1
3 (base 10) to base 3
10
What is -313 (base 6) in base 7?
-225
What is -3 (base 12) in base 7?
-3
What is -3 (base 4) in base 13?
-3
-1101001 (base 2) to base 9
-126
13 (base 12) to base 9
16
What is -2 (base 3) in base 13?
-2
110 (base 2) to base 11
6
What is 0 (base 16) in base 11?
0
Convert 10122 (base 3) to base 6.
242
What is -14 (base 16) in base 7?
-26
Convert -2 (base 6) to base 5.
-2
What is -1 (base 12) in base 8?
-1
Convert -53 (base 9) to base 14.
-36
-20 (base 3) to base 2
-110
Convert -4 (base 7) to base 10.
-4
Convert 11 (base 10) to base 5.
21
-64 (base 14) to base 7
-154
What is 38 (base 14) in base 8?
62
Convert -3 (base 13) to base 15.
-3
Convert -3 (base 4) to base 3.
-10
What is -204 (base 5) in base 2?
-110110
Convert -25 (base 7) to base 14.
-15
Convert 4 (base 7) to base 15.
4
-4 (base 13) to base 3
-11
Convert -3 (base 10) to base 3.
-10
Convert -90 (base 12) to base 4.
-1230
Convert 1 (base 8) to base 4.
1
What is 31 (base 4) in base 15?
d
What is a4 (base 13) in base 16